8. Calculate y(-67).
-158
Let b(k) = k**3 + 649*k**2 + 60162*k + 9661. Calculate b(-537).
-5
Let p(m) = 38*m**2 - 389*m + 43. Calculate p(13).
1408
Let a(y) = 2*y**3 + 63*y**2 - 54*y - 301. Give a(-32).
403
Let b(a) = a**2 + 952*a + 222977. Calculate b(-416).
1
Let s(l) = 181*l**3 - 2714*l**2 + 9*l - 361. Determine s(15).
-1
Let a(j) = -30*j**2 + 1071*j - 1743. Determine a(34).
-9
Let k(p) = 2795*p**2 - 5535*p - 9. Calculate k(2).
101
Let j(i) = -5*i**2 - 165*i - 271. Calculate j(-31).
39
Let i(h) = -292*h - 91184. Give i(-312).
-80
Let c(y) = 3*y**3 + 18*y**2 - 9*y + 27. Give c(5).
807
Let o(i) = -13*i**2 - 442*i - 498. Determine o(-31).
711
Let d(p) = -233*p + 13628. What is d(59)?
-119
Let f(i) = 207076*i - 1035386. What is f(5)?
-6
Let f(q) = 9*q**2 + 1550*q + 10417. Determine f(-7).
8
Let v(o) = 6*o**2 + 1426*o - 2881. What is v(2)?
-5
Let t(y) = 109*y + 1523. Determine t(-12).
215
Let o(t) = -t**3 + 12*t**2 + 554*t. What is o(0)?
0
Let u(k) = -2*k**2 - 614*k - 5621. Determine u(-9).
-257
Let c(q) = 384859*q - 3078890. What is c(8)?
-18
Let c(t) = -t**3 - 8*t**2 - 2678*t - 27001. Determine c(-10).
-21
Let s(z) = -11602*z + 278471. Give s(24).
23
Let t(g) = 77*g**3 + 1320*g**2 + 188*g + 30. Calculate t(-17).
13
Let g(l) = -313*l**3 + 11*l**2 + 16*l + 4. Determine g(-1).
312
Let z(s) = -3*s**2 + 2941*s + 125554. Calculate z(-41).
-70
Let k(t) = 3*t**2 + 214*t - 4474. Give k(-91).
895
Let a(u) = 25*u**2 - 1307*u + 23. Determine a(53).
977
Let g(a) = 9*a**2 + 5839*a + 39230. Calculate g(-642).
68
Let h(g) = g**2 - 15949*g - 1169685. Calculate h(-73).
-79
Let l(d) = -2*d**3 - 38*d**2 - 129*d + 11. What is l(-15)?
146
Let x(q) = 23*q**3 + 1955*q**2 + 131*q + 11188. Give x(-85).
53
Let t(g) = -g**3 + 20*g**2 - 57*g + 272. Determine t(9).
650
Let i(j) = -3*j**3 + 55*j**2 + 162*j + 50. Determine i(21).
-76
Let k(t) = 2*t**2 - 39*t - 5336. Calculate k(-41).
-375
Let x(q) = -1529*q - 116192. What is x(-76)?
12
Let f(w) = w**2 + 12370*w + 5122682. What is f(-429)?
-7
Let p(l) = 2049*l + 18296. What is p(-9)?
-145
Let h(q) = 8117*q**2 + 16239*q + 6. What is h(-2)?
-4
Let h(i) = -2*i**3 - 11*i**2 - 127*i - 1289. What is h(-13)?
2897
Let i(k) = -k**3 + 5*k**2 + 92*k + 60. Give i(-7).
4
Let r(a) = 476*a + 470. Determine r(0).
470
Let f(j) = 2734995*j + 16409967. Determine f(-6).
-3
Let r(y) = 2*y**3 - 128*y**2 - 291*y - 71. Give r(66).
-1853
Let c(m) = m**2 - 3279*m - 16381. What is c(-5)?
39
Let s(c) = 222*c**2 + 1137*c + 2. Determine s(-5).
-133
Let b(v) = v**2 + 13687*v + 136839. Determine b(-10).
69
Let j(k) = 89*k - 600. Give j(8).
112
Let b(z) = z**2 + 34680*z - 242803. What is b(7)?
6
Let v(o) = o**2 + 1975*o - 70532. Give v(35).
-182
Let p(o) = 3*o**3 + 97*o**2 - 270*o - 144. What is p(3)?
0
Let w(j) = -j**3 + 149*j**2 - 1121*j - 980. What is w(141)?
7
Let s(o) = -177*o + 62312. What is s(352)?
8
Let f(g) = -6*g**2 + 519*g - 5345. What is f(11)?
-362
Let b(m) = 2*m**2 + 64*m + 624. Calculate b(-13).
130
Let f(b) = 1783*b**2 - 12502*b + 139. What is f(7)?
-8
Let u(n) = -n**3 - 93*n**2 + 70*n - 2037. What is u(-94)?
219
Let j(b) = -38*b**2 - 1749*b + 23. Determine j(-46).
69
Let u(x) = -x**3 - 14*x**2 - 937*x - 6237. Calculate u(-7).
-21
Let v(b) = b**3 + 65*b**2 + 934*b - 2771. Give v(-28).
85
Let f(s) = 880*s**2 + 171*s - 170. Give f(1).
881
Let h(p) = 3252*p + 117426. What is h(-36)?
354
Let a(r) = -2*r**3 - 110*r**2 + 142*r - 450. Give a(-56).
-2130
Let i(r) = 1878*r + 100324. Determine i(-54).
-1088
Let q(m) = 411*m - 8215. Determine q(20).
5
Let f(y) = -y**3 - 6*y**2 - 731*y - 4816. Give f(-7).
350
Let w(v) = 18725*v - 636660. Determine w(34).
-10
Let o(q) = 80405*q - 723658. Determine o(9).
-13
Let x(f) = f**3 - 4*f**2 - 9*f + 11. Give x(6).
29
Let u(c) = 4*c**2 + 280*c - 13616. What is u(33)?
-20
Let l(p) = 1325*p + 18766. Determine l(-13).
1541
Let a(q) = q**2 + 632*q + 27382. Give a(-47).
-113
Let c(h) = -26*h**2 + 839*h - 11816. Calculate c(14).
-5166
Let d(w) = 54129*w - 4492684. What is d(83)?
23
Let t(u) = -u**3 + 40*u**2 - 384*u - 91. What is t(23)?
70
Let w(k) = -3*k**2 - 103*k + 3495. Give w(21).
9
Let i(a) = 2088*a + 19062. Determine i(-10).
-1818
Let a(v) = -5*v**2 + 20166*v - 40326. What is a(2)?
-14
Let s(t) = 2265*t + 731601. Give s(-323).
6
Let v(r) = 155*r**2 + 104*r + 30. Determine v(-1).
81
Let b(w) = -251*w - 2934. Give b(-10).
-424
Let d(z) = -z**3 - 52*z**2 + 413*z + 21481. Determine d(-52).
5
Let a(n) = 2336078*n + 16352540. Give a(-7).
-6
Let z(y) = -9182*y - 275204. Give z(-30).
256
Let q(c) = -2403*c**2 - 358066*c - 2833. Determine q(-149).
-2
Let f(q) = -q**3 + 73*q**2 - 931*q - 189. Give f(56).
987
Let f(c) = 28634*c - 7. What is f(0)?
-7
Let n(q) = q**3 - 1227*q**2 - 13615*q + 41. Calculate n(-11).
8
Let u(b) = -1165*b**2 + 6*b + 6. Calculate u(1).
-1153
Let r(l) = 45*l**2 + 228*l + 188. Determine r(-1).
5
Let h(r) = -154*r - 3406. Determine h(-21).
-172
Let n(m) = 4*m**3 - 36*m**2 - 86*m - 45. Calculate n(11).
-23
Let s(w) = w**2 + 876*w + 187620. What is s(-373)?
1
Let v(b) = -5241*b - 541. Determine v(0).
-541
Let p(d) = -d**2 - 83*d + 4691. Give p(40).
-229
Let v(s) = -3*s**2 + 369*s - 2331. Determine v(115).
429
Let f(v) = -17*v**3 - 3905*v**2 + 1152*v + 249. Calculate f(-230).
-211
Let z(a) = 204*a + 32608. Calculate z(-159).
172
Let w(h) = -2*h**2 - 1529*h - 260067. What is w(-509)?
32
Let w(c) = c**3 - 59*c**2 - 2420*c - 11684. Give w(88).
-68
Let r(w) = 314*w**2 + 85081*w - 3551. What is r(-271)?
-28
Let i(o) = 1376*o - 221504. Determine i(161).
32
Let u(s) = -s**2 + 309*s - 17629. Determine u(75).
-79
Let h(y) = 847*y - 883. Determine h(0).
-883
Let f(d) = -2*d**2 + 1126*d - 22160. Give f(543).
-440
Let x(f) = -9*f**3 + 5*f**2 + 12*f - 28. Give x(-3).
224
Let c(w) = -w**2 - 44*w + 126. Give c(11).
-479
Let r(m) = m**3 - 60*m**2 - 392*m + 12805. Calculate r(63).
16
Let w(m) = 3*m**2 + 58*m + 170. Give w(-6).
-70
Let d(t) = 40532*t - 9889812. What is d(244)?
-4
Let d(f) = 2*f**2 - 38703*f - 1. Give d(0).
-1
Let b(n) = 11*n - 15. Determine b(1).
-4
Let j(k) = k**3 + 35*k**2 - 605*k - 176. What is j(-47)?
1751
Let c(q) = -q**2 + 46000*q + 1242710. Give c(-27).
-19
Let t(g) = 14*g**2 - 167*g - 1241. What is t(-6)?
265
Let f(h) = 483*h + 6690. Determine f(-14).
-72
Let n(p) = 16247*p + 373708. What is n(-23)?
27
Let f(b) = -164472*b + 1480227. Give f(9).
-21
Let r(q) = -q**3 - 177*q**2 - 3791*q + 1398. Calculate r(-152).
30
Let a(u) = -1565*u + 28250. Give a(17).
1645
Let k(a) = -298*a - 28871. What is k(-95)?
-561
Let x(f) = 1303*f - 3853. What is x(3)?
56
Let l(z) = z**3 - 25*z**2 + 280*z - 10210. Calculate l(28).
-18
Let i(o) = -2*o**3 - 4*o**2 + 64*o + 317. Determine i(6).
125
Let i(t) = -6218*t + 30989. Give i(5).
-101
Let v(a) = -272*a**2 - 5442*a - 112. Give v(-20).
-72
Let s(b) = -133680*b + 3342006. Calculate s(25).
6
Let s(x) = -16*x - 560. Calculate s(-37).
32
Let t(w) = -81023*w + 891251. Give t(11).
-2
Let j(v) = -312766*v + 312757. Calculate j(1).
-9
Let x(c) = 190*c - 2379. Calculate x(7).
-1049
Let n(m) = 3*m**3 + 102*m**2 + 287*m + 95. Determine n(-31).
-153
Let s(l) = l**3 - 35*l**2 + 231*l - 1600. What is s(29)?
53
Let a(m) = -2*m**3 + 2*m**2 + 9543*m + 38007. What is a(-4)?
-5
Let d(w) = -113836*w + 683016. What is d(6)?
0
Let h(k) = -4*k**2 + 139*k - 140. Determine h(34).
-38
Let r(g) = 283138*g - 4530216. Calculate r(16).
-8
Let m(p) = p**3 - 248*p**2 + 959*p - 237837. Give m(248).
-5
Let f(y) = -48580*y + 2040363. What is f(42)?
3
Let z(w) = 8*w**3 - 295*w**2 - 42*w + 138. Calculate z(37).
-47
Let k(r) = -2*r**3 - 10*r**2 - 32*r - 29. Give k(-2).
11
Let m(u) = -2*u**3 + 36*u**2 + 543*u - 5618. Calculate m(8).
6
Let k(w) = 19*w**2 + 1450*w + 7190. What is k(-71)?
19
Let l(b) = 80*b**2 - 397*b - 45. Determine l(5).
-30
Let f(m) = 96936*m - 1938713. Determine f(20).
7
Let b(s) = -225*s**2 - 787*s + 1642. Determine b(-5).
-48
Let k(y) = -y**2 - 42391*y - 635642. What is k(-15)?
-2
Let q(r) = -851*r + 2656. What is q(3)?
103
Let a(z) = 7*z**3 - 1769*z**2 + 1208*z + 13117. Give a(252).
13
Let k(z) = 4*z**3 + 1927*z**2 + 9066*z + 1416. Give k(-477).
-15
Let l(u) = 1527*u - 111420. Give l(73).
51
Let q(b) = 56245*b - 450060. What is q(8)?
-100
Let x(f) = -3*f**3 + 24*f**2 - 49*f + 789. Det